 11?
False
Is 9861618 a multiple of 1434?
True
Does 923 divide 1264834?
False
Does 53 divide 467195?
True
Is 627 a factor of 301137?
False
Is 18 a factor of 871056?
True
Is 3 a factor of 27918?
True
Is 239932 a multiple of 77?
True
Is 4 a factor of 40656?
True
Is 146 a factor of 20002?
True
Is 5064606 a multiple of 7?
False
Is 1922640 a multiple of 40?
True
Does 40 divide 126236?
False
Is 14 a factor of 3426919?
False
Is 53 a factor of 2650159?
True
Is 7809671 a multiple of 1367?
True
Is 57344 a multiple of 8?
True
Is 1045575 a multiple of 225?
True
Is 533100 a multiple of 12?
True
Is 731306 a multiple of 314?
True
Is 16 a factor of 68208?
True
Is 39647 a multiple of 405?
False
Is 23 a factor of 1617015?
True
Is 8100007 a multiple of 494?
False
Does 54 divide 372232?
False
Does 34 divide 4964?
True
Is 243522 a multiple of 166?
True
Is 11 a factor of 497101?
True
Does 8 divide 280896?
True
Does 27 divide 1509300?
True
Is 2082383 a multiple of 653?
False
Does 5 divide 16880?
True
Is 477 a factor of 3272697?
True
Is 201 a factor of 378081?
True
Is 854711 a multiple of 25?
False
Is 146566 a multiple of 29?
True
Does 441 divide 2647764?
True
Does 11 divide 1394503?
True
Is 6705548 a multiple of 68?
True
Is 1489391 a multiple of 55?
False
Is 3 a factor of 208015?
False
Is 13 a factor of 721627?
False
Is 20 a factor of 16934860?
True
Is 3552304 a multiple of 16?
True
Is 6 a factor of 1031564?
False
Is 630 a factor of 971586?
False
Does 456 divide 507072?
True
Is 127 a factor of 774065?
True
Does 14 divide 96446?
True
Is 49632 a multiple of 48?
True
Is 26 a factor of 7406568?
True
Does 26 divide 197173?
False
Is 52780 a multiple of 52?
True
Is 109 a factor of 9475370?
True
Is 10 a factor of 1096160?
True
Does 26 divide 37271?
False
Does 144 divide 1302768?
True
Does 58 divide 339265?
False
Does 555 divide 6771555?
True
Is 581058 a multiple of 36?
False
Is 110 a factor of 1635315?
False
Does 182 divide 527747?
False
Is 1396830 a multiple of 202?
True
Is 43 a factor of 4120045?
True
Is 2000866 a multiple of 833?
True
Does 14 divide 332094?
True
Is 90 a factor of 262620?
True
Does 62 divide 786735?
False
Does 16 divide 675600?
True
Does 1260 divide 3473820?
True
Does 24 divide 61034?
False
Is 129162 a multiple of 114?
True
Is 831043 a multiple of 162?
False
Is 42142 a multiple of 42?
False
Does 2062 divide 3564124?
False
Does 2 divide 46998?
True
Is 188 a factor of 6760292?
True
Is 13 a factor of 5155269?
False
Is 1096560 a multiple of 20?
True
Is 215 a factor of 112445?
True
Does 300 divide 18900?
True
Is 23 a factor of 867583?
True
Is 30 a factor of 48030?
True
Is 838 a factor of 9074702?
True
Is 92304 a multiple of 144?
True
Is 2884890 a multiple of 143?
False
Is 37392 a multiple of 48?
True
Does 13 divide 378976?
True
Is 375567 a multiple of 15?
False
Is 45076 a multiple of 8?
False
Is 6 a factor of 32720?
False
Does 28 divide 4494751?
False
Is 73166 a multiple of 189?
False
Does 299 divide 128869?
True
Is 351 a factor of 7564752?
True
Is 376405 a multiple of 52?
False
Is 20 a factor of 5398120?
True
Does 657 divide 628845?
False
Does 20 divide 25852563?
False
Does 26 divide 408940?
False
Is 789755 a multiple of 90?
False
Is 15 a factor of 12404625?
True
Is 466125 a multiple of 339?
True
Does 121 divide 6474952?
True
Does 594 divide 3708945?
False
Is 20 a factor of 339280?
True
Is 8987076 a multiple of 493?
False
Is 3 a factor of 8586?
True
Is 12 a factor of 84095?
False
Does 13 divide 122056?
False
Is 125 a factor of 580678?
False
Is 20 a factor of 1671?
False
Is 9817599 a multiple of 118?
False
Is 278377 a multiple of 141?
False
Is 16 a factor of 359810?
False
Is 21 a factor of 19667221?
False
Is 31 a factor of 7823160?
True
Is 101 a factor of 2073429?
True
Does 37 divide 57202?
True
Does 370 divide 6079?
False
Does 11 divide 13286482?
True
Does 320 divide 812160?
True
Does 46 divide 2455020?
True
Does 136 divide 749904?
True
Is 2902 a multiple of 10?
False
Is 1747164 a multiple of 41?
False
Is 28 a factor of 918318?
False
Is 4674650 a multiple of 50?
True
Is 165 a factor of 2000913?
False
Is 8 a factor of 57825?
False
Is 824767 a multiple of 56?
False
Is 1689504 a multiple of 24?
True
Does 23 divide 196667?
False
Is 806272 a multiple of 20?
False
Is 1739297 a multiple of 300?
False
Does 69 divide 78108?
True
Does 16 divide 20214704?
True
Does 47 divide 411116?
False
Is 23275594 a multiple of 94?
False
Is 49 a factor of 1903356?
True
Is 25 a factor of 468550?
True
Is 112 a factor of 61152?
True
Does 4 divide 362006?
False
Does 8 divide 199808?
True
Does 1140 divide 35341111?
False
Does 7 divide 910686?
True
Is 8 a factor of 1140304?
True
Is 9249821 a multiple of 497?
False
Does 174 divide 13999?
False
Does 57 divide 12768?
True
Is 203558 a multiple of 95?
False
Is 524434 a multiple of 66?
False
Is 873229 a multiple of 497?
True
Is 5 a factor of 496515?
True
Does 32 divide 4824209?
False
Does 670 divide 645880?
True
Is 21 a factor of 189814?
False
Is 505648 a multiple of 374?
True
Is 38 a factor of 80732?
False
Is 1129696 a multiple of 821?
True
Does 616 divide 23041121?
False
Is 668880 a multiple of 17?
False
Is 486 a factor of 95620?
False
Is 204559 a multiple of 337?
True
Is 341 a factor of 6138113?
False
Is 8 a factor of 2100520?
True
Is 267894 a multiple of 363?
True
Does 252 divide 63138?
False
Does 69 divide 1307388?
False
Does 31 divide 230434?
False
Is 22 a factor of 9827?
False
Does 6 divide 2635828?
False
Does 476 divide 94033?
False
Is 15055649 a multiple of 107?
True
Does 15 divide 26328?
False
Is 37757 a multiple of 11?
False
Is 861878 a multiple of 74?
True
Is 9108 a multiple of 9?
True
Is 1377 a multiple of 81?
True
Does 588 divide 6828009?
False
Is 275863 a multiple of 125?
False
Is 7 a factor of 800896?
False
Does 17 divide 6001068?
True
Does 491 divide 595092?
True
Is 1382 a factor of 5292895?
False
Is 2 a factor of 18395?
False
Does 11 divide 19005118?
True
Does 22 divide 66950?
False
Is 52 a factor of 430859?
False
Is 936 a factor of 1315080?
True
Is 4 a factor of 9144?
True
Is 731402 a multiple of 192?
False
Is 3040220 a multiple of 142?
True
Is 64 a factor of 225857?
False
Is 31 a factor of 681039?
True
Is 11 a factor of 1794284?
False
Is 617651 a multiple of 63?
False
Does 545 divide 188025?
True
Is 1907356 a multiple of 11?
True
Is 21 a factor of 5183598?
True
Is 85248 a multiple of 288?
True
Is 69 a factor of 57902?
False
Is 31197 a multiple of 110?
False
Is 65415 a multiple of 267?
True
Is 44406 a multiple of 24?
False
Is 22 a factor of 174152?
True
Is 176 a factor of 174856?
False
Is 157744 a multiple of 285?
False
Is 46 a factor of 1415650?
True
Does 8 divide 16280?
True
Does 206 divide 1062548?
True
Is 65 a factor of 861219?
False
Does 147 divide 91742?
False
Is 185 a factor of 8673298?
False
Does 167 divide 137601?
False
Is 66 a factor of 86658?
True
Is 64380 a multiple of 37?
True
Does 471 divide 2315907?
True
Does 977 divide 721026?
True
Is 41 a factor of 35219?
True
Is 4 a factor of 18564?
True
Is 234250 a multiple of 42?
False
Is 26 a factor of 13121342?
True
Is 818220 a multiple of 26?
True
Does 24 divide 398443?
False
Is 97867 a multiple of 451?
True
Is 81 a factor of 430029?
True
Is 349835 a multiple of 31?
True
Does 321 divide 1956495?
True
Does 4 divide 2678700?
True
Is 27 a factor of 702162?
True
Does 9 divide 81?
True
Is 19 a factor of 241678?
False
Does 484 divide 583795?
False
Is 18613392 a multiple of 168?
True
Does 27 divide 50895?
True
Is 1296 a factor of 6629266?
False
Is 788 a factor of 1299412?
True
Does 175 divide 924489?
False
Is 19 a factor of 125994?
False
Is 263193 a multiple of 63?
False
Does 3 divide 82135?
False
Does 269 divide 906530?
True
Is 990374 a multiple of 154?
True
Does 379 divide 383029?
False
Is 91 a factor of 727?
False
Is 1947728 a multiple of 713?
False
Is 23 a factor of 480723?
True
Does 183 divide 2204517?
False
Is 13 a factor of 5482647?
False
Is 13 a factor of 177645?
True
Does 7 divide 1235633?
True
Does 7 divide 58040?
False
Does 4 divide 4884042?
False
Is 6513350 a multiple of 10?
True
Is 47071 a multiple of 2?
False
Is 1638006 a multiple of 48?
False
Does 463 divide 2908857?
False
Does 12 divide 968244?
True
Is 88 a factor of 9046219?
False
Is 121 a factor of 111408